{"id":5552,"date":"2018-07-11T00:11:11","date_gmt":"2018-07-10T22:11:11","guid":{"rendered":"http:\/\/www.sv-panitzsch-borsdorf.de\/?page_id=5552"},"modified":"2025-08-12T09:58:28","modified_gmt":"2025-08-12T07:58:28","slug":"ueberuns","status":"publish","type":"page","link":"https:\/\/www.sv-panitzsch-borsdorf.de\/index.php\/ueberuns\/","title":{"rendered":"\u00dcber uns"},"content":{"rendered":"<div id=\"pl-5552\"  class=\"panel-layout\" ><div id=\"pg-5552-0\"  class=\"panel-grid panel-has-style\" ><div class=\"siteorigin-panels-stretch panel-row-style panel-row-style-for-5552-0\" style=\"padding: 0px 0; \" data-stretch-type=\"full-stretched\" data-overlay=\"true\" ><div id=\"pgc-5552-0-0\"  class=\"panel-grid-cell\" ><div id=\"panel-5552-0-0-0\" class=\"so-panel widget widget_sow-hero panel-first-child panel-last-child\" data-index=\"0\" ><div style=\"text-align: left;\" data-title-color=\"#443f3f\" data-headings-color=\"#443f3f\" class=\"panel-widget-style panel-widget-style-for-5552-0-0-0\" ><div\n\t\t\t\n\t\t\tclass=\"so-widget-sow-hero so-widget-sow-hero-default-65b793e26146-5552 so-widget-fittext-wrapper\"\n\t\t\t data-fit-text-compressor=\"0.85\"\n\t\t>\t\t\t\t<div class=\"sow-slider-base\" style=\"display: none\" tabindex=\"0\">\n\t\t\t\t\t<ul\n\t\t\t\t\tclass=\"sow-slider-images\"\n\t\t\t\t\tdata-settings=\"{&quot;pagination&quot;:true,&quot;speed&quot;:800,&quot;timeout&quot;:8000,&quot;paused&quot;:false,&quot;pause_on_hover&quot;:false,&quot;swipe&quot;:true,&quot;nav_always_show_desktop&quot;:&quot;&quot;,&quot;nav_always_show_mobile&quot;:&quot;&quot;,&quot;breakpoint&quot;:&quot;780px&quot;,&quot;unmute&quot;:false,&quot;anchor&quot;:null}\"\n\t\t\t\t\t\t\t\t\t\tdata-anchor-id=\"\"\n\t\t\t\t>\t\t<li class=\"sow-slider-image  sow-slider-image-cover\" style=\"visibility: visible;;background-color: #333333\" >\n\t\t\t\t\t<div class=\"sow-slider-image-container\">\n\t\t\t<div class=\"sow-slider-image-wrapper\">\n\t\t\t\t<h1 style=\"text-align: center\">\u00a0<\/h1>\n\t\t\t<\/div>\n\t\t<\/div>\n\t\t<div class=\"sow-slider-image-overlay sow-slider-image-cover\" style=\"opacity: 0.47;background-image: url(https:\/\/www.sv-panitzsch-borsdorf.de\/wp-content\/uploads\/2018\/07\/Header_Image_logo.jpg)\"  ><\/div>\t\t<\/li>\n\t\t<\/ul>\t\t\t\t<ol class=\"sow-slider-pagination\">\n\t\t\t\t\t\t\t\t\t\t\t<li><a href=\"#\" data-goto=\"0\" aria-label=\"display slide 1\"><\/a><\/li>\n\t\t\t\t\t\t\t\t\t<\/ol>\n\n\t\t\t\t<div class=\"sow-slide-nav sow-slide-nav-next\">\n\t\t\t\t\t<a href=\"#\" data-goto=\"next\" aria-label=\"next slide\" data-action=\"next\">\n\t\t\t\t\t\t<em class=\"sow-sld-icon-thin-right\"><\/em>\n\t\t\t\t\t<\/a>\n\t\t\t\t<\/div>\n\n\t\t\t\t<div class=\"sow-slide-nav sow-slide-nav-prev\">\n\t\t\t\t\t<a href=\"#\" data-goto=\"previous\" aria-label=\"previous slide\" data-action=\"prev\">\n\t\t\t\t\t\t<em class=\"sow-sld-icon-thin-left\"><\/em>\n\t\t\t\t\t<\/a>\n\t\t\t\t<\/div>\n\t\t\t\t<\/div><\/div><\/div><\/div><\/div><\/div><\/div><div id=\"pg-5552-1\"  class=\"panel-grid panel-has-style\" ><div class=\"siteorigin-panels-stretch panel-row-style panel-row-style-for-5552-1\" style=\"padding: 100px 0; \" data-stretch-type=\"full\" data-overlay=\"true\" ><div id=\"pgc-5552-1-0\"  class=\"panel-grid-cell\" ><div id=\"panel-5552-1-0-0\" class=\"so-panel widget widget_siteorigin-panels-builder panel-first-child panel-last-child\" data-index=\"1\" ><div style=\"text-align: left;\" data-title-color=\"#443f3f\" data-headings-color=\"#443f3f\" class=\"panel-widget-style panel-widget-style-for-5552-1-0-0\" ><div id=\"pl-w689af4242a390\"  class=\"panel-layout\" ><div id=\"pg-w689af4242a390-0\"  class=\"panel-grid panel-has-style\" ><div class=\"siteorigin-panels-stretch panel-row-style panel-row-style-for-w689af4242a390-0\" style=\"padding: 0px 0; \" data-stretch-type=\"full\" data-overlay=\"true\" ><div id=\"pgc-w689af4242a390-0-0\"  class=\"panel-grid-cell\" ><div id=\"panel-w689af4242a390-0-0-0\" class=\"so-panel widget widget_text panel-first-child\" data-index=\"0\" >\t\t\t<div class=\"textwidget\"><p>&nbsp;<br \/>\n&nbsp;<br \/>\n&nbsp;<br \/>\n&nbsp;<br \/>\n&nbsp;<br \/>\n&nbsp;<\/p>\n<\/div>\n\t\t<\/div><div id=\"panel-w689af4242a390-0-0-1\" class=\"so-panel widget widget_sow-image panel-last-child\" data-index=\"1\" ><div class=\"panel-widget-style panel-widget-style-for-w689af4242a390-0-0-1\" ><div\n\t\t\t\n\t\t\tclass=\"so-widget-sow-image so-widget-sow-image-default-8b5b6f678277\"\n\t\t\t\n\t\t>\n\n<div class=\"sow-image-container\">\n\t\t<img decoding=\"async\" src=\"https:\/\/www.sv-panitzsch-borsdorf.de\/wp-content\/uploads\/2015\/12\/Logo_klein-300x300.png\" width=\"300\" height=\"300\" srcset=\"https:\/\/www.sv-panitzsch-borsdorf.de\/wp-content\/uploads\/2015\/12\/Logo_klein-300x300.png 300w, https:\/\/www.sv-panitzsch-borsdorf.de\/wp-content\/uploads\/2015\/12\/Logo_klein-150x150.png 150w, https:\/\/www.sv-panitzsch-borsdorf.de\/wp-content\/uploads\/2015\/12\/Logo_klein-128x128.png 128w, https:\/\/www.sv-panitzsch-borsdorf.de\/wp-content\/uploads\/2015\/12\/Logo_klein-32x32.png 32w, https:\/\/www.sv-panitzsch-borsdorf.de\/wp-content\/uploads\/2015\/12\/Logo_klein-230x230.png 230w, https:\/\/www.sv-panitzsch-borsdorf.de\/wp-content\/uploads\/2015\/12\/Logo_klein-350x350.png 350w, https:\/\/www.sv-panitzsch-borsdorf.de\/wp-content\/uploads\/2015\/12\/Logo_klein.png 512w\" sizes=\"(max-width: 300px) 100vw, 300px\" alt=\"\" loading=\"lazy\" \t\tclass=\"so-widget-image\"\/>\n\t<\/div>\n\n<\/div><\/div><\/div><\/div><div id=\"pgc-w689af4242a390-0-1\"  class=\"panel-grid-cell\" ><div id=\"panel-w689af4242a390-0-1-0\" class=\"so-panel widget widget_sow-editor panel-first-child\" data-index=\"2\" ><div\n\t\t\t\n\t\t\tclass=\"so-widget-sow-editor so-widget-sow-editor-base\"\n\t\t\t\n\t\t>\n<div class=\"siteorigin-widget-tinymce textwidget\">\n\t<h2>SV Panitzsch\/Borsdorf<\/h2>\n<\/div>\n<\/div><\/div><div id=\"panel-w689af4242a390-0-1-1\" class=\"so-panel widget widget_text panel-last-child\" data-index=\"3\" ><div style=\"text-align: left;\" data-title-color=\"#443f3f\" data-headings-color=\"#443f3f\" class=\"panel-widget-style panel-widget-style-for-w689af4242a390-0-1-1\" >\t\t\t<div class=\"textwidget\"><p><b>Herzlich Willkommen auf der offiziellen Website des SV Panitzsch\/Borsdorf 1920 e.V.! <\/b><\/p><p>Warum hei\u00dfen wir SV Panitzsch\/Borsdorf und nicht SV Borsdorf \/ Panitzsch? Weshalb ist 1996 ein ganz besonderes Jahr f\u00fcr uns? Was hat ein Akkordeonspieler in einer Turnhalle mit unserem Verein zu tun?<\/p><p>In unserer detailierten Vereinschronik k\u00f6nnt ihr alle Antworten auf all diese Fragen finden!<\/p><p>&nbsp;<\/p><h4>Die wichtigsten Eckdaten unseres Vereins<\/h4>\n<p>\n- Gr\u00fcndung: 1920 als SV Panitzsch 1920 e.V. (2001 dann die Fusion mit dem SV Borsdorf 1990 e.V.)<br \/>\n- Vereinsfarben: blau-gelb<br \/>\n- Vereinsnummer: 3224<br \/>\n- Sportarten: Fu\u00dfball, Kegeln & Gymnastik<br \/>\n- Mitglieder im Verein: 310, davon 230 Fu\u00dfballer, 50 Gymnastikfrauen, 10 Freizeitfu\u00dfballer, 20 Kegler<br \/>\n- Mitglieder im Fu\u00dfball: 250<br \/>\n- 3 Herrenteams und 2 Seniorenteams<br \/>\n- 1 Frauenteam<br \/>\n- 10 Jugendteams (Bambini, F1-, F2-, E1-, E2-, D1-, D2-, C-, B-, A-Jugend)<br \/>\n- Bambini ohne Spielbetrieb<br \/>\n<\/p><p>&nbsp;<\/p><\/div>\n\t\t<\/div><\/div><\/div><\/div><\/div><div id=\"pg-w689af4242a390-1\"  class=\"panel-grid panel-has-style\" ><div style=\"padding: 100px 0; \" data-overlay=\"true\" class=\"panel-row-style panel-row-style-for-w689af4242a390-1\" ><div id=\"pgc-w689af4242a390-1-0\"  class=\"panel-grid-cell\" ><div id=\"panel-w689af4242a390-1-0-0\" class=\"so-panel widget widget_sydney_facts sydney_facts_widget panel-first-child panel-last-child\" data-index=\"4\" ><div style=\"text-align: left;\" data-title-color=\"#443f3f\" data-headings-color=\"#443f3f\" class=\"panel-widget-style panel-widget-style-for-w689af4242a390-1-0-0\" >\n\t\t\n\t\t\t\t<div class=\"col-md-3 col-sm-3\">\n\t\t\t<div class=\"roll-counter\">\n\t\t\t\t<i class=\"fa fa-group\"><\/i>\n\t\t\t\t<div class=\"name-count\">Mitglieder<\/div>\n\t\t\t\t<div class=\"numb-count\" data-from=\"0\" data-to=\"250\" data-speed=\"2000\" data-waypoint-active=\"yes\">250<\/div>\n\t\t\t<\/div>\n\t\t<\/div>\n\t\t\t\t\t\t<div class=\"col-md-3 col-sm-3\">\n\t\t\t<div class=\"roll-counter\">\n\t\t\t\t<i class=\"fa fa-male\"><\/i>\n\t\t\t\t<div class=\"name-count\">Herrenmannschaften<\/div>\n\t\t\t\t<div class=\"numb-count\" data-from=\"0\" data-to=\"4\" data-speed=\"2000\" data-waypoint-active=\"yes\">4<\/div>\n\t\t\t<\/div>\n\t\t<\/div>\n\t\t\t\t\t\t<div class=\"col-md-3 col-sm-3\">\n\t\t\t<div class=\"roll-counter\">\n\t\t\t\t<i class=\"fa fa-female\"><\/i>\n\t\t\t\t<div class=\"name-count\">Damenmannschaften<\/div>\n\t\t\t\t<div class=\"numb-count\" data-from=\"0\" data-to=\"1\" data-speed=\"2000\" data-waypoint-active=\"yes\">1<\/div>\n\t\t\t<\/div>\n\t\t<\/div>\n\t\t\t\t\t\t<div class=\"col-md-3 col-sm-3\">\n\t\t\t<div class=\"roll-counter\">\n\t\t\t\t<i class=\"fa fa-child\"><\/i>\n\t\t\t\t<div class=\"name-count\">Nachwuchsmannschaften<\/div>\n\t\t\t\t<div class=\"numb-count\" data-from=\"0\" data-to=\"10\" data-speed=\"2000\" data-waypoint-active=\"yes\">10<\/div>\n\t\t\t<\/div>\n\t\t<\/div>\n\t\t\n\t<\/div><\/div><\/div><\/div><\/div><div id=\"pg-w689af4242a390-2\"  class=\"panel-grid panel-has-style\" ><div style=\"padding: 100px 0; \" data-overlay=\"true\" class=\"panel-row-style panel-row-style-for-w689af4242a390-2\" ><div id=\"pgc-w689af4242a390-2-0\"  class=\"panel-grid-cell\" ><div id=\"panel-w689af4242a390-2-0-0\" class=\"so-panel widget widget_text panel-first-child panel-last-child\" data-index=\"5\" ><h3 class=\"widget-title\">Vorstand Vorsitzender<\/h3>\t\t\t<div class=\"textwidget\"><p>Steffen Gl\u00e4ser<\/p>\n<\/div>\n\t\t<\/div><\/div><div id=\"pgc-w689af4242a390-2-1\"  class=\"panel-grid-cell\" ><div id=\"panel-w689af4242a390-2-1-0\" class=\"so-panel widget widget_text panel-first-child panel-last-child\" data-index=\"6\" ><h3 class=\"widget-title\">stellv. Vorsitzender<\/h3>\t\t\t<div class=\"textwidget\"><p>Sebastian Knauer<\/p>\n<\/div>\n\t\t<\/div><\/div><div id=\"pgc-w689af4242a390-2-2\"  class=\"panel-grid-cell\" ><div id=\"panel-w689af4242a390-2-2-0\" class=\"so-panel widget widget_text panel-first-child panel-last-child\" data-index=\"7\" ><h3 class=\"widget-title\">Abt.leiter Fu\u00dfball<\/h3>\t\t\t<div class=\"textwidget\"><p>Martin Tripke<\/p>\n<\/div>\n\t\t<\/div><\/div><\/div><\/div><div id=\"pg-w689af4242a390-3\"  class=\"panel-grid panel-has-style\" ><div style=\"padding: 100px 0; \" data-overlay=\"true\" class=\"panel-row-style panel-row-style-for-w689af4242a390-3\" ><div id=\"pgc-w689af4242a390-3-0\"  class=\"panel-grid-cell\" ><div id=\"panel-w689af4242a390-3-0-0\" class=\"so-panel widget widget_text panel-first-child panel-last-child\" data-index=\"8\" ><h3 class=\"widget-title\">Sponsoring<\/h3>\t\t\t<div class=\"textwidget\"><p>Torsten Sch\u00f6nfeld<\/p>\n<\/div>\n\t\t<\/div><\/div><div id=\"pgc-w689af4242a390-3-1\"  class=\"panel-grid-cell\" ><div id=\"panel-w689af4242a390-3-1-0\" class=\"so-panel widget widget_text panel-first-child panel-last-child\" data-index=\"9\" ><h3 class=\"widget-title\">Sponsoring<\/h3>\t\t\t<div class=\"textwidget\"><p>Lars Ziegenhorn<\/p>\n<\/div>\n\t\t<\/div><\/div><div id=\"pgc-w689af4242a390-3-2\"  class=\"panel-grid-cell\" ><div id=\"panel-w689af4242a390-3-2-0\" class=\"so-panel widget widget_text panel-first-child panel-last-child\" data-index=\"10\" ><h3 class=\"widget-title\">\u00d6ffentlichkeitsarbeit<\/h3>\t\t\t<div class=\"textwidget\"><p>Kerstin Ullrich<\/p>\n<\/div>\n\t\t<\/div><\/div><\/div><\/div><div id=\"pg-w689af4242a390-4\"  class=\"panel-grid panel-has-style\" ><div style=\"padding: 100px 0; \" data-overlay=\"true\" class=\"panel-row-style panel-row-style-for-w689af4242a390-4\" ><div id=\"pgc-w689af4242a390-4-0\"  class=\"panel-grid-cell\" ><div id=\"panel-w689af4242a390-4-0-0\" class=\"so-panel widget widget_text panel-first-child panel-last-child\" data-index=\"11\" ><h3 class=\"widget-title\">Protokoll<\/h3>\t\t\t<div class=\"textwidget\"><p>Tanja H\u00f6hl<\/p>\n<\/div>\n\t\t<\/div><\/div><div id=\"pgc-w689af4242a390-4-1\"  class=\"panel-grid-cell panel-grid-cell-empty panel-grid-cell-mobile-last\" ><\/div><div id=\"pgc-w689af4242a390-4-2\"  class=\"panel-grid-cell panel-grid-cell-empty\" ><\/div><\/div><\/div><div id=\"pg-w689af4242a390-5\"  class=\"panel-grid panel-has-style\" ><div class=\"siteorigin-panels-stretch panel-row-style panel-row-style-for-w689af4242a390-5\" style=\"padding: 20px 0; \" data-stretch-type=\"full\" data-overlay=\"true\" ><div id=\"pgc-w689af4242a390-5-0\"  class=\"panel-grid-cell panel-grid-cell-empty\" ><\/div><\/div><\/div><\/div><\/div><\/div><\/div><\/div><\/div><\/div>","protected":false},"excerpt":{"rendered":"<p>\u00a0 &nbsp; &nbsp; &nbsp; &nbsp; &nbsp; &nbsp; SV Panitzsch\/Borsdorf Herzlich Willkommen auf der offiziellen Website des SV Panitzsch\/Borsdorf 1920 e.V.! Warum hei\u00dfen wir SV Panitzsch\/Borsdorf und nicht SV Borsdorf \/ Panitzsch? Weshalb ist 1996 ein ganz besonderes Jahr f\u00fcr uns? Was hat ein Akkordeonspieler in einer Turnhalle mit unserem Verein zu tun?In unserer detailierten Vereinschronik k\u00f6nnt ihr alle Antworten auf all diese Fragen finden!&nbsp;Die wichtigsten Eckdaten unseres Vereins &#8211; Gr\u00fcndung: 1920 als SV Panitzsch 1920 e.V. (2001 dann die Fusion mit dem SV Borsdorf 1990 e.V.) &#8211; Vereinsfarben: blau-gelb &#8211; Vereinsnummer: 3224 &#8211; Sportarten: Fu\u00dfball, Kegeln &#038; Gymnastik &#8211; Mitglieder im Verein: 310, davon 230 Fu\u00dfballer, 50 Gymnastikfrauen, 10 Freizeitfu\u00dfballer, 20 Kegler &#8211; Mitglieder im Fu\u00dfball: 250 &#8211; 3 Herrenteams und 2 Seniorenteams &#8211; 1 Frauenteam &#8211; 10 Jugendteams (Bambini, F1-, F2-, E1-, E2-, D1-, D2-, C-, B-, A-Jugend) &#8211; Bambini ohne Spielbetrieb &nbsp; Mitglieder 250 Herrenmannschaften 4 Damenmannschaften 1 Nachwuchsmannschaften 10 Vorstand Vorsitzender Steffen Gl\u00e4ser stellv. Vorsitzender Sebastian Knauer Abt.leiter Fu\u00dfball Martin Tripke Sponsoring Torsten Sch\u00f6nfeld Sponsoring Lars Ziegenhorn \u00d6ffentlichkeitsarbeit Kerstin Ullrich Protokoll Tanja H\u00f6hl<\/p>\n","protected":false},"author":1,"featured_media":0,"parent":0,"menu_order":0,"comment_status":"closed","ping_status":"closed","template":"page-templates\/page_front-page.php","meta":{"footnotes":""},"_links":{"self":[{"href":"https:\/\/www.sv-panitzsch-borsdorf.de\/index.php\/wp-json\/wp\/v2\/pages\/5552"}],"collection":[{"href":"https:\/\/www.sv-panitzsch-borsdorf.de\/index.php\/wp-json\/wp\/v2\/pages"}],"about":[{"href":"https:\/\/www.sv-panitzsch-borsdorf.de\/index.php\/wp-json\/wp\/v2\/types\/page"}],"author":[{"embeddable":true,"href":"https:\/\/www.sv-panitzsch-borsdorf.de\/index.php\/wp-json\/wp\/v2\/users\/1"}],"replies":[{"embeddable":true,"href":"https:\/\/www.sv-panitzsch-borsdorf.de\/index.php\/wp-json\/wp\/v2\/comments?post=5552"}],"version-history":[{"count":72,"href":"https:\/\/www.sv-panitzsch-borsdorf.de\/index.php\/wp-json\/wp\/v2\/pages\/5552\/revisions"}],"predecessor-version":[{"id":10430,"href":"https:\/\/www.sv-panitzsch-borsdorf.de\/index.php\/wp-json\/wp\/v2\/pages\/5552\/revisions\/10430"}],"wp:attachment":[{"href":"https:\/\/www.sv-panitzsch-borsdorf.de\/index.php\/wp-json\/wp\/v2\/media?parent=5552"}],"curies":[{"name":"wp","href":"https:\/\/api.w.org\/{rel}","templated":true}]}}